ts digit of 872?
2
What is the thousands digit of 4111?
4
What is the tens digit of 769?
6
What is the thousands digit of 9906?
9
What is the hundreds digit of 12430?
4
What is the thousands digit of 83995?
3
What is the tens digit of 99?
9
What is the thousands digit of 43135?
3
What is the tens digit of 15988?
8
What is the hundreds digit of 22459?
4
What is the tens digit of 5028?
2
What is the thousands digit of 93120?
3
What is the tens digit of 550?
5
What is the tens digit of 630?
3
What is the thousands digit of 6905?
6
What is the tens digit of 2002?
0
What is the ten thousands digit of 76643?
7
What is the tens digit of 18679?
7
What is the ten thousands digit of 26924?
2
What is the ten thousands digit of 118264?
1
What is the tens digit of 14564?
6
What is the ten thousands digit of 88281?
8
What is the tens digit of 103209?
0
What is the ten thousands digit of 48903?
4
What is the hundred thousands digit of 107152?
1
What is the thousands digit of 24294?
4
What is the tens digit of 28536?
3
What is the tens digit of 12032?
3
What is the hundreds digit of 3384?
3
What is the hundreds digit of 410?
4
What is the thousands digit of 16516?
6
What is the units digit of 889?
9
What is the hundreds digit of 1379?
3
What is the units digit of 5598?
8
What is the thousands digit of 10239?
0
What is the tens digit of 3270?
7
What is the ten thousands digit of 14624?
1
What is the tens digit of 707?
0
What is the units digit of 45990?
0
What is the tens digit of 952?
5
What is the units digit of 1042?
2
What is the hundreds digit of 128?
1
What is the thousands digit of 1591?
1
What is the hundreds digit of 2959?
9
What is the hundreds digit of 20024?
0
What is the tens digit of 979?
7
What is the units digit of 145?
5
What is the ten thousands digit of 16707?
1
What is the units digit of 2112?
2
What is the thousands digit of 101096?
1
What is the tens digit of 974?
7
What is the units digit of 32200?
0
What is the thousands digit of 16289?
6
What is the tens digit of 3927?
2
What is the units digit of 2611?
1
What is the tens digit of 47?
4
What is the tens digit of 535?
3
What is the hundreds digit of 4014?
0
What is the thousands digit of 181823?
1
What is the tens digit of 633?
3
What is the units digit of 273?
3
What is the thousands digit of 7951?
7
What is the tens digit of 4564?
6
What is the ten thousands digit of 71365?
7
What is the hundreds digit of 47756?
7
What is the tens digit of 52457?
5
What is the thousands digit of 2321?
2
What is the hundred thousands digit of 113810?
1
What is the hundreds digit of 8453?
4
What is the tens digit of 201?
0
What is the ten thousands digit of 13971?
1
What is the tens digit of 36710?
1
What is the thousands digit of 17165?
7
What is the units digit of 5821?
1
What is the hundreds digit of 520?
5
What is the tens digit of 237?
3
What is the ten thousands digit of 15836?
1
What is the tens digit of 4008?
0
What is the hundreds digit of 21630?
6
What is the thousands digit of 6963?
6
What is the hundreds digit of 6677?
6
What is the hundreds digit of 5156?
1
What is the tens digit of 2900?
0
What is the hundreds digit of 406?
4
What is the thousands digit of 11362?
1
What is the units digit of 23835?
5
What is the tens digit of 28?
2
What is the hundreds digit of 3023?
0
What is the hundred thousands digit of 126378?
1
What is the hundreds digit of 1313?
3
What is the ten thousands digit of 75056?
7
What is the units digit of 527?
7
What is the hundreds digit of 10187?
1
What is the tens digit of 96579?
7
What is the units digit of 1758?
8
What is the units digit of 105452?
2
What is the units digit of 2852?
2
What is the thousands digit of 1138?
1
What is the thousands digit of 1244?
1
What is the units digit of 113240?
0
What is the units digit of 287?
7
What is the units digit of 3676?
6
What is the thousands digit of 3484?
3
What is the hundreds digit of 7078?
0
What is the units digit of 69067?
7
What is the units digit of 955?
5
What is the hundreds digit of 27558?
5
What is the thousands digit of 11051?
1
What is the hundreds digit of 6204?
2
What is the tens digit of 778?
7
What is the thousands digit of 42356?
2
What is the units digit of 4362?
2
What is the tens digit of 8093?
9
What is the tens digit of 244?
4
What is the ten thousands digit of 25651?
2
What is the units digit of 5698?
8
What is the hundreds digit of 23536?
5
What is the tens digit of 360?
6
What is the thousands digit of 2522?
2
What is the thousands digit of 13322?
3
What is the thousands digit of 80891?
0
What is the thousands digit of 12174?
2
What is the tens digit of 81?
8
What is the tens digit of 9199?
9
What is the hundreds digit of 464?
4
What is the thousands digit of 31789?
1
What is the tens digit of 44848?
4
What is the units digit of 395?
5
What is the tens digit of 4702?
0
What is the hundreds digit of 912?
9
What is the hundreds digit of 42700?
7
What is the units digit of 716?
6
What is the units digit of 884?
4
What is the ten thousands digit of 31381?
3
What is the tens digit of 135?
3
What is the hundreds digit of 6718?
7
What is the units digit of 5578?
8
What is the units digit of 2189?
9
What is the ten thousands digit of 22136?
2
What is the tens digit of 741?
4
What is the hundreds digit of 46643?
6
What is the ten thousands digit of 43311?
4
What is the hundreds digit of 336?
3
What is the units digit of 430?
0
What is the tens digit of 4656?
5
What is the tens digit of 4629?
2
What is the hundreds digit of 10961?
9
What is the ten thousands digit of 15433?
1
What is the tens digit of 1246?
4
What is the tens digit of 50758?
5
What is the units digit of 51?
1
What is the tens digit of 942?
4
What is the thousands digit of 11024?
1
What is the hundreds digit of 38180?
1
What is the units digit of 7596?
6
What is the tens digit of 9197?
9
What is the hundreds digit of 6953?
9
What is the ten thousands digit of 29216?
2
What is the hundreds digit of 3318?
3
What is the units digit of 5022?
2
What is the ten thousands digit of 60311?
6
What is the ten thousands digit of 11198?
1
What is the units digit of 25189?
9
What is the hundreds digit of 949?
9
What is the thousands digit of 5004?
5
What is the tens digit of 62155?
5
What is the hundreds digit of 31323?
3
What is the hundreds digit of 1197?
1
What is the thousands digit of 4421?
4
What is the tens digit of 545?
4
What is the hundreds digit of 414?
4
What is the tens digit of 153194?
9
What is the units digit of 32455?
5
What is the tens digit of 8694?
9
What is the units digit of 178?
8
What is the hundreds digit of 6829?
8
What is the units digit of 1838?
8
What is the thousands digit of 1958?
1
What is the hundreds digit of 24861?
8
What is the hundreds digit of 575?
5
What is the tens digit of 8047?
4
What is the thousands digit of 1644?
1
What is the ten thousands digit of 37925?
3
What is the hundreds digit of 3416?
4
What is the hundreds digit of 3494?
4
What is the ten thousands digit of 21254?
2
What is the units digit of 5229?
9
What is the units digit of 263?
3
What is the units digit of 10827?
7
What is the thousands digit of 30950?
0
What is the units digit of 4290?
0
What is the hundreds digit of 7902?
9
What is the units digit of 17192?
2
What is the thousands digit of 10711?
0
What is the ten thousands digit of 22613?
2
What is the hundreds digit of 6356?
3
What is the units digit of 1962?
2
What is the ten thousands digit of 165927?
6
What is the units digit of 19968?
8
What is the tens digit of 425?
2
What is the hundreds digit of 296?
2
What is the thousands digit of 94728?
4
What is the units digit of 5545?
5
What is the units digit of 7360?
0
What is the thousands digit of 10639?
0
What is the tens digit of 92500?
0
What is the tens digit of 42418?
1
What is the tens digit of 5105?
0
What is the hundreds digit of 797?
7
What is the hundreds digit of 4383?
3
What is the units digit of 287?
7
What is the hundreds digit of 6889?
8
What is the thousands digit of 10638?
0
What is the ten thousands digit of 19235?
1
What is the tens digit of 8064?
6
What is the hundreds digit of 21545?
5
What is the tens digit of 110747?
4
What is the hundreds digit of 16455?
4
What is the thousands digit of 121672?
1
What is the hun